{"id":429,"date":"2021-08-26T09:52:06","date_gmt":"2021-08-26T07:52:06","guid":{"rendered":"https:\/\/ms-outillage.fr\/?page_id=429"},"modified":"2021-08-27T09:39:56","modified_gmt":"2021-08-27T07:39:56","slug":"forets","status":"publish","type":"page","link":"https:\/\/ms-outillage.fr\/index.php\/forets\/","title":{"rendered":"FORETS"},"content":{"rendered":"\t\t<div data-elementor-type=\"wp-page\" data-elementor-id=\"429\" class=\"elementor elementor-429\">\n\t\t\t\t\t\t\t\t\t<section class=\"elementor-section elementor-top-section elementor-element elementor-element-109a176 elementor-section-boxed elementor-section-height-default elementor-section-height-default\" data-id=\"109a176\" data-element_type=\"section\">\n\t\t\t\t\t\t<div class=\"elementor-container elementor-column-gap-default\">\n\t\t\t\t\t<div class=\"elementor-column elementor-col-100 elementor-top-column elementor-element elementor-element-8e79c76\" data-id=\"8e79c76\" data-element_type=\"column\">\n\t\t\t<div class=\"elementor-widget-wrap elementor-element-populated\">\n\t\t\t\t\t\t\t\t<div class=\"elementor-element elementor-element-0472b93 elementor-widget elementor-widget-text-editor\" data-id=\"0472b93\" data-element_type=\"widget\" data-widget_type=\"text-editor.default\">\n\t\t\t\t<div class=\"elementor-widget-container\">\n\t\t\t<style>\/*! elementor - v3.6.4 - 13-04-2022 *\/\n.elementor-widget-text-editor.elementor-drop-cap-view-stacked .elementor-drop-cap{background-color:#818a91;color:#fff}.elementor-widget-text-editor.elementor-drop-cap-view-framed .elementor-drop-cap{color:#818a91;border:3px solid;background-color:transparent}.elementor-widget-text-editor:not(.elementor-drop-cap-view-default) .elementor-drop-cap{margin-top:8px}.elementor-widget-text-editor:not(.elementor-drop-cap-view-default) .elementor-drop-cap-letter{width:1em;height:1em}.elementor-widget-text-editor .elementor-drop-cap{float:left;text-align:center;line-height:1;font-size:50px}.elementor-widget-text-editor .elementor-drop-cap-letter{display:inline-block}<\/style>\t\t\t\t<p>Les forets en carbure monobloc sont con\u00e7us pour un per\u00e7age optimal avec une meilleure finition, parfaits pour tout mat\u00e9riau \u00e0 n&#8217;importe quelle profondeur. Nous avons une large gamme de tailles et de diam\u00e8tres, y compris des forets 3xD, 5xD, 8xD, 12xD, 15xD, 20xD, 25xD et 30xD avec des diam\u00e8tres allant de 0,5 mm \u00e0 20 mm.<br \/><br \/>De plus, nos forets sont une solution en elles-m\u00eames, tout comme nos forets avec une tol\u00e9rance H7 pour les mat\u00e9riaux jusqu&#8217;\u00e0 65HRC, ou nos forets pour les trous \u00e0 fond plat.<br \/><br \/>Ils offrent de meilleures performances dans tous les mat\u00e9riaux : acier doux, acier inoxydable, aluminium, titane, graphite, fonte mall\u00e9able et nodulaire, acier tremp\u00e9, plastique, thermoplastique, cuivre, laiton, GFK \/ CFK (fibre de verre et fibre de carbone), Inconel et Stellite.<\/p>\t\t\t\t\t\t<\/div>\n\t\t\t\t<\/div>\n\t\t\t\t\t<\/div>\n\t\t<\/div>\n\t\t\t\t\t\t\t<\/div>\n\t\t<\/section>\n\t\t\t\t<section class=\"elementor-section elementor-top-section elementor-element elementor-element-e10acad elementor-section-boxed elementor-section-height-default elementor-section-height-default\" data-id=\"e10acad\" data-element_type=\"section\">\n\t\t\t\t\t\t<div class=\"elementor-container elementor-column-gap-default\">\n\t\t\t\t\t<div class=\"elementor-column elementor-col-100 elementor-top-column elementor-element elementor-element-e229560\" data-id=\"e229560\" data-element_type=\"column\">\n\t\t\t<div class=\"elementor-widget-wrap elementor-element-populated\">\n\t\t\t\t\t\t\t\t<div class=\"elementor-element elementor-element-93468d2 elementor-widget elementor-widget-image\" data-id=\"93468d2\" data-element_type=\"widget\" data-widget_type=\"image.default\">\n\t\t\t\t<div class=\"elementor-widget-container\">\n\t\t\t<style>\/*! elementor - v3.6.4 - 13-04-2022 *\/\n.elementor-widget-image{text-align:center}.elementor-widget-image a{display:inline-block}.elementor-widget-image a img[src$=\".svg\"]{width:48px}.elementor-widget-image img{vertical-align:middle;display:inline-block}<\/style>\t\t\t\t\t\t\t\t\t\t\t\t\t<a href=\"https:\/\/cdnebasnet.com\/data\/eshop\/helion\/uploads\/docs\/2018catalogues\/Drill_Line.pdf?1531733130\">\n\t\t\t\t\t\t\t<img width=\"724\" height=\"1024\" src=\"https:\/\/ms-outillage.fr\/wp-content\/uploads\/2021\/08\/FORET-HELION-724x1024.png\" class=\"attachment-large size-large\" alt=\"\" loading=\"lazy\" srcset=\"https:\/\/ms-outillage.fr\/wp-content\/uploads\/2021\/08\/FORET-HELION-724x1024.png 724w, https:\/\/ms-outillage.fr\/wp-content\/uploads\/2021\/08\/FORET-HELION-212x300.png 212w, https:\/\/ms-outillage.fr\/wp-content\/uploads\/2021\/08\/FORET-HELION-768x1086.png 768w, https:\/\/ms-outillage.fr\/wp-content\/uploads\/2021\/08\/FORET-HELION-1086x1536.png 1086w, https:\/\/ms-outillage.fr\/wp-content\/uploads\/2021\/08\/FORET-HELION-e1629964553690.png 1191w\" sizes=\"100vw\" \/>\t\t\t\t\t\t\t\t<\/a>\n\t\t\t\t\t\t\t\t\t\t\t\t\t\t\t<\/div>\n\t\t\t\t<\/div>\n\t\t\t\t\t<\/div>\n\t\t<\/div>\n\t\t\t\t\t\t\t<\/div>\n\t\t<\/section>\n\t\t\t\t\t\t\t<\/div>\n\t\t","protected":false},"excerpt":{"rendered":"<p>Les forets en carbure monobloc sont con\u00e7us pour un per\u00e7age optimal avec une meilleure finition, parfaits pour tout mat\u00e9riau \u00e0 &hellip; <a href=\"https:\/\/ms-outillage.fr\/index.php\/forets\/\" class=\"more-link\"><span class=\"more-button\">Continue reading &gt;<span class=\"screen-reader-text\">FORETS<\/span><\/span><\/a><\/p>\n","protected":false},"author":3,"featured_media":0,"parent":0,"menu_order":0,"comment_status":"closed","ping_status":"closed","template":"","meta":{"_mi_skip_tracking":false,"_monsterinsights_sitenote_active":false,"_monsterinsights_sitenote_note":"","_monsterinsights_sitenote_category":0},"aioseo_notices":[],"yoast_head":"<!-- This site is optimized with the Yoast SEO plugin v19.4 - https:\/\/yoast.com\/wordpress\/plugins\/seo\/ -->\n<title>FORETS - MS OUTILLAGE<\/title>\n<meta name=\"description\" content=\"Les forets en carbure monobloc sont con\u00e7us pour un per\u00e7age optimal avec une meilleure finition, parfaits pour tout mat\u00e9riau \u00e0 n\u2019importe quelle profondeur. Nous avons une large gamme de tailles et de diam\u00e8tres, y compris des forets 3xD, 5xD, 8xD, 12xD, 15xD, 20xD, 25xD et 30xD avec des diam\u00e8tres allant de 0,5 mm \u00e0 20 mm\" \/>\n<meta name=\"robots\" content=\"index, follow, max-snippet:-1, max-image-preview:large, max-video-preview:-1\" \/>\n<link rel=\"canonical\" href=\"https:\/\/ms-outillage.fr\/index.php\/forets\/\" \/>\n<meta property=\"og:locale\" content=\"en_US\" \/>\n<meta property=\"og:type\" content=\"article\" \/>\n<meta property=\"og:title\" content=\"FORETS - MS OUTILLAGE\" \/>\n<meta property=\"og:description\" content=\"Les forets en carbure monobloc sont con\u00e7us pour un per\u00e7age optimal avec une meilleure finition, parfaits pour tout mat\u00e9riau \u00e0 n\u2019importe quelle profondeur. Nous avons une large gamme de tailles et de diam\u00e8tres, y compris des forets 3xD, 5xD, 8xD, 12xD, 15xD, 20xD, 25xD et 30xD avec des diam\u00e8tres allant de 0,5 mm \u00e0 20 mm\" \/>\n<meta property=\"og:url\" content=\"https:\/\/ms-outillage.fr\/index.php\/forets\/\" \/>\n<meta property=\"og:site_name\" content=\"MS OUTILLAGE\" \/>\n<meta property=\"article:modified_time\" content=\"2021-08-27T07:39:56+00:00\" \/>\n<meta property=\"og:image\" content=\"https:\/\/ms-outillage.fr\/wp-content\/uploads\/2021\/08\/FORET-HELION-724x1024.png\" \/>\n<meta name=\"twitter:card\" content=\"summary_large_image\" \/>\n<meta name=\"twitter:label1\" content=\"Est. reading time\" \/>\n\t<meta name=\"twitter:data1\" content=\"1 minute\" \/>\n<script type=\"application\/ld+json\" class=\"yoast-schema-graph\">{\"@context\":\"https:\/\/schema.org\",\"@graph\":[{\"@type\":\"Organization\",\"@id\":\"https:\/\/ms-outillage.fr\/#organization\",\"name\":\"MS OUTILLAGE\",\"url\":\"https:\/\/ms-outillage.fr\/\",\"sameAs\":[],\"logo\":{\"@type\":\"ImageObject\",\"inLanguage\":\"en-US\",\"@id\":\"https:\/\/ms-outillage.fr\/#\/schema\/logo\/image\/\",\"url\":\"https:\/\/ms-outillage.fr\/wp-content\/uploads\/2021\/07\/cropped-MSO-logo-black-1-scaled-1.jpg\",\"contentUrl\":\"https:\/\/ms-outillage.fr\/wp-content\/uploads\/2021\/07\/cropped-MSO-logo-black-1-scaled-1.jpg\",\"width\":512,\"height\":512,\"caption\":\"MS OUTILLAGE\"},\"image\":{\"@id\":\"https:\/\/ms-outillage.fr\/#\/schema\/logo\/image\/\"}},{\"@type\":\"WebSite\",\"@id\":\"https:\/\/ms-outillage.fr\/#website\",\"url\":\"https:\/\/ms-outillage.fr\/\",\"name\":\"MS OUTILLAGE\",\"description\":\"L&#039;usinage sous toutes ses formes\",\"publisher\":{\"@id\":\"https:\/\/ms-outillage.fr\/#organization\"},\"potentialAction\":[{\"@type\":\"SearchAction\",\"target\":{\"@type\":\"EntryPoint\",\"urlTemplate\":\"https:\/\/ms-outillage.fr\/?s={search_term_string}\"},\"query-input\":\"required name=search_term_string\"}],\"inLanguage\":\"en-US\"},{\"@type\":\"WebPage\",\"@id\":\"https:\/\/ms-outillage.fr\/index.php\/forets\/\",\"url\":\"https:\/\/ms-outillage.fr\/index.php\/forets\/\",\"name\":\"FORETS - MS OUTILLAGE\",\"isPartOf\":{\"@id\":\"https:\/\/ms-outillage.fr\/#website\"},\"datePublished\":\"2021-08-26T07:52:06+00:00\",\"dateModified\":\"2021-08-27T07:39:56+00:00\",\"description\":\"Les forets en carbure monobloc sont con\u00e7us pour un per\u00e7age optimal avec une meilleure finition, parfaits pour tout mat\u00e9riau \u00e0 n\u2019importe quelle profondeur. Nous avons une large gamme de tailles et de diam\u00e8tres, y compris des forets 3xD, 5xD, 8xD, 12xD, 15xD, 20xD, 25xD et 30xD avec des diam\u00e8tres allant de 0,5 mm \u00e0 20 mm\",\"breadcrumb\":{\"@id\":\"https:\/\/ms-outillage.fr\/index.php\/forets\/#breadcrumb\"},\"inLanguage\":\"en-US\",\"potentialAction\":[{\"@type\":\"ReadAction\",\"target\":[\"https:\/\/ms-outillage.fr\/index.php\/forets\/\"]}]},{\"@type\":\"BreadcrumbList\",\"@id\":\"https:\/\/ms-outillage.fr\/index.php\/forets\/#breadcrumb\",\"itemListElement\":[{\"@type\":\"ListItem\",\"position\":1,\"name\":\"Accueil\",\"item\":\"https:\/\/ms-outillage.fr\/\"},{\"@type\":\"ListItem\",\"position\":2,\"name\":\"FORETS\"}]}]}<\/script>\n<!-- \/ Yoast SEO plugin. -->","yoast_head_json":{"title":"FORETS - MS OUTILLAGE","description":"Les forets en carbure monobloc sont con\u00e7us pour un per\u00e7age optimal avec une meilleure finition, parfaits pour tout mat\u00e9riau \u00e0 n\u2019importe quelle profondeur. Nous avons une large gamme de tailles et de diam\u00e8tres, y compris des forets 3xD, 5xD, 8xD, 12xD, 15xD, 20xD, 25xD et 30xD avec des diam\u00e8tres allant de 0,5 mm \u00e0 20 mm","robots":{"index":"index","follow":"follow","max-snippet":"max-snippet:-1","max-image-preview":"max-image-preview:large","max-video-preview":"max-video-preview:-1"},"canonical":"https:\/\/ms-outillage.fr\/index.php\/forets\/","og_locale":"en_US","og_type":"article","og_title":"FORETS - MS OUTILLAGE","og_description":"Les forets en carbure monobloc sont con\u00e7us pour un per\u00e7age optimal avec une meilleure finition, parfaits pour tout mat\u00e9riau \u00e0 n\u2019importe quelle profondeur. Nous avons une large gamme de tailles et de diam\u00e8tres, y compris des forets 3xD, 5xD, 8xD, 12xD, 15xD, 20xD, 25xD et 30xD avec des diam\u00e8tres allant de 0,5 mm \u00e0 20 mm","og_url":"https:\/\/ms-outillage.fr\/index.php\/forets\/","og_site_name":"MS OUTILLAGE","article_modified_time":"2021-08-27T07:39:56+00:00","og_image":[{"url":"https:\/\/ms-outillage.fr\/wp-content\/uploads\/2021\/08\/FORET-HELION-724x1024.png"}],"twitter_card":"summary_large_image","twitter_misc":{"Est. reading time":"1 minute"},"schema":{"@context":"https:\/\/schema.org","@graph":[{"@type":"Organization","@id":"https:\/\/ms-outillage.fr\/#organization","name":"MS OUTILLAGE","url":"https:\/\/ms-outillage.fr\/","sameAs":[],"logo":{"@type":"ImageObject","inLanguage":"en-US","@id":"https:\/\/ms-outillage.fr\/#\/schema\/logo\/image\/","url":"https:\/\/ms-outillage.fr\/wp-content\/uploads\/2021\/07\/cropped-MSO-logo-black-1-scaled-1.jpg","contentUrl":"https:\/\/ms-outillage.fr\/wp-content\/uploads\/2021\/07\/cropped-MSO-logo-black-1-scaled-1.jpg","width":512,"height":512,"caption":"MS OUTILLAGE"},"image":{"@id":"https:\/\/ms-outillage.fr\/#\/schema\/logo\/image\/"}},{"@type":"WebSite","@id":"https:\/\/ms-outillage.fr\/#website","url":"https:\/\/ms-outillage.fr\/","name":"MS OUTILLAGE","description":"L&#039;usinage sous toutes ses formes","publisher":{"@id":"https:\/\/ms-outillage.fr\/#organization"},"potentialAction":[{"@type":"SearchAction","target":{"@type":"EntryPoint","urlTemplate":"https:\/\/ms-outillage.fr\/?s={search_term_string}"},"query-input":"required name=search_term_string"}],"inLanguage":"en-US"},{"@type":"WebPage","@id":"https:\/\/ms-outillage.fr\/index.php\/forets\/","url":"https:\/\/ms-outillage.fr\/index.php\/forets\/","name":"FORETS - MS OUTILLAGE","isPartOf":{"@id":"https:\/\/ms-outillage.fr\/#website"},"datePublished":"2021-08-26T07:52:06+00:00","dateModified":"2021-08-27T07:39:56+00:00","description":"Les forets en carbure monobloc sont con\u00e7us pour un per\u00e7age optimal avec une meilleure finition, parfaits pour tout mat\u00e9riau \u00e0 n\u2019importe quelle profondeur. Nous avons une large gamme de tailles et de diam\u00e8tres, y compris des forets 3xD, 5xD, 8xD, 12xD, 15xD, 20xD, 25xD et 30xD avec des diam\u00e8tres allant de 0,5 mm \u00e0 20 mm","breadcrumb":{"@id":"https:\/\/ms-outillage.fr\/index.php\/forets\/#breadcrumb"},"inLanguage":"en-US","potentialAction":[{"@type":"ReadAction","target":["https:\/\/ms-outillage.fr\/index.php\/forets\/"]}]},{"@type":"BreadcrumbList","@id":"https:\/\/ms-outillage.fr\/index.php\/forets\/#breadcrumb","itemListElement":[{"@type":"ListItem","position":1,"name":"Accueil","item":"https:\/\/ms-outillage.fr\/"},{"@type":"ListItem","position":2,"name":"FORETS"}]}]}},"_links":{"self":[{"href":"https:\/\/ms-outillage.fr\/index.php\/wp-json\/wp\/v2\/pages\/429"}],"collection":[{"href":"https:\/\/ms-outillage.fr\/index.php\/wp-json\/wp\/v2\/pages"}],"about":[{"href":"https:\/\/ms-outillage.fr\/index.php\/wp-json\/wp\/v2\/types\/page"}],"author":[{"embeddable":true,"href":"https:\/\/ms-outillage.fr\/index.php\/wp-json\/wp\/v2\/users\/3"}],"replies":[{"embeddable":true,"href":"https:\/\/ms-outillage.fr\/index.php\/wp-json\/wp\/v2\/comments?post=429"}],"version-history":[{"count":8,"href":"https:\/\/ms-outillage.fr\/index.php\/wp-json\/wp\/v2\/pages\/429\/revisions"}],"predecessor-version":[{"id":613,"href":"https:\/\/ms-outillage.fr\/index.php\/wp-json\/wp\/v2\/pages\/429\/revisions\/613"}],"wp:attachment":[{"href":"https:\/\/ms-outillage.fr\/index.php\/wp-json\/wp\/v2\/media?parent=429"}],"curies":[{"name":"wp","href":"https:\/\/api.w.org\/{rel}","templated":true}]}}